{"id":4200,"date":"2022-06-21T18:08:36","date_gmt":"2022-06-21T21:08:36","guid":{"rendered":"https:\/\/ilbelvedere.com\/hotel2022\/localizacao-2\/"},"modified":"2025-01-29T21:14:30","modified_gmt":"2025-01-30T00:14:30","slug":"localizacao-2","status":"publish","type":"page","link":"https:\/\/ilbelvedere.com\/pt-br\/localizacao-2\/","title":{"rendered":"Localiza\u00e7\u00e3o"},"content":{"rendered":"<div class=\"wpb-content-wrapper\"><p>[vc_row][vc_column]\n\t\t\t<!-- START Slider Ubicacion REVOLUTION SLIDER 6.7.37 --><p class=\"rs-p-wp-fix\"><\/p>\n\t\t\t<rs-module-wrap id=\"hero_wrapper\" data-source=\"gallery\" style=\"visibility:hidden;background:transparent;padding:0;margin:0px auto;margin-top:0;margin-bottom:0;\">\n\t\t\t\t<rs-module id=\"hero\" style=\"\" data-version=\"6.7.37\">\n\t\t\t\t\t<rs-slides style=\"overflow: hidden; position: absolute;\">\n\t\t\t\t\t\t<rs-slide style=\"position: absolute;\" data-key=\"rs-31\" data-title=\"Slide\" data-thumb=\"\/\/ilbelvedere.com\/wp-content\/uploads\/2025\/01\/Fotos_IlBelvedere_FotosDrone_Febrero2023-6-1-scaled-100x50.jpg\" data-anim=\"adpr:false;\" data-in=\"o:0;\" data-out=\"a:false;\">\n\t\t\t\t\t\t\t<img decoding=\"async\" src=\"\/\/ilbelvedere.com\/wp-content\/plugins\/revslider\/sr6\/assets\/assets\/dummy.png\" alt=\"\" title=\"Fotos_IlBelvedere_FotosDrone_Febrero2023-6\" width=\"2560\" height=\"1438\" class=\"rev-slidebg tp-rs-img rs-lazyload\" data-lazyload=\"\/\/ilbelvedere.com\/wp-content\/uploads\/2025\/01\/Fotos_IlBelvedere_FotosDrone_Febrero2023-6-1-scaled.jpg\" data-parallax=\"5\" data-no-retina>\n<!--\n\t\t\t\t\t\t\t--><rs-layer\n\t\t\t\t\t\t\t\tid=\"slider-24-slide-31-layer-1\" \n\t\t\t\t\t\t\t\tdata-type=\"text\"\n\t\t\t\t\t\t\t\tdata-rsp_ch=\"on\"\n\t\t\t\t\t\t\t\tdata-xy=\"x:c;xo:-5px,-5px,0,0;yo:320px,320px,320px,230px;\"\n\t\t\t\t\t\t\t\tdata-text=\"s:60,60,40,30;l:80,80,60,60;fw:900,900,700,700;a:inherit;\"\n\t\t\t\t\t\t\t\tdata-vbility=\"f,f,f,f\"\n\t\t\t\t\t\t\t\tdata-frame_0=\"y:-100%;o:1;\"\n\t\t\t\t\t\t\t\tdata-frame_0_mask=\"u:t;\"\n\t\t\t\t\t\t\t\tdata-frame_1=\"st:500;sp:1500;sR:500;\"\n\t\t\t\t\t\t\t\tdata-frame_1_mask=\"u:t;\"\n\t\t\t\t\t\t\t\tdata-frame_999=\"o:0;st:w;sR:7000;\"\n\t\t\t\t\t\t\t\tstyle=\"z-index:5;font-family:'Roboto';\"\n\t\t\t\t\t\t\t>UBICACI\u00d3N \n\t\t\t\t\t\t\t<\/rs-layer><!--\n-->\t\t\t\t\t<\/rs-slide>\n\t\t\t\t\t\t<rs-slide style=\"position: absolute;\" data-key=\"rs-70\" data-title=\"Slide\" data-thumb=\"\/\/ilbelvedere.com\/wp-content\/uploads\/2025\/01\/Fotos_IlBelvedere_FotosDrone_Febrero2023-1-scaled-100x50.jpg\" data-anim=\"adpr:false;\" data-in=\"o:0;\" data-out=\"a:false;\">\n\t\t\t\t\t\t\t<img decoding=\"async\" src=\"\/\/ilbelvedere.com\/wp-content\/plugins\/revslider\/sr6\/assets\/assets\/dummy.png\" alt=\"\" title=\"Fotos_IlBelvedere_FotosDrone_Febrero2023-1\" width=\"2560\" height=\"1438\" class=\"rev-slidebg tp-rs-img rs-lazyload\" data-lazyload=\"\/\/ilbelvedere.com\/wp-content\/uploads\/2025\/01\/Fotos_IlBelvedere_FotosDrone_Febrero2023-1-scaled.jpg\" data-parallax=\"5\" data-no-retina>\n<!--\n\t\t\t\t\t\t\t--><rs-layer\n\t\t\t\t\t\t\t\tid=\"slider-24-slide-70-layer-1\" \n\t\t\t\t\t\t\t\tdata-type=\"text\"\n\t\t\t\t\t\t\t\tdata-rsp_ch=\"on\"\n\t\t\t\t\t\t\t\tdata-xy=\"x:c;xo:-5px,-5px,0,0;yo:320px,320px,320px,230px;\"\n\t\t\t\t\t\t\t\tdata-text=\"s:60,60,40,30;l:80,80,60,60;fw:900,900,700,700;a:inherit;\"\n\t\t\t\t\t\t\t\tdata-vbility=\"f,f,f,f\"\n\t\t\t\t\t\t\t\tdata-frame_0=\"y:-100%;o:1;\"\n\t\t\t\t\t\t\t\tdata-frame_0_mask=\"u:t;\"\n\t\t\t\t\t\t\t\tdata-frame_1=\"st:500;sp:1500;sR:500;\"\n\t\t\t\t\t\t\t\tdata-frame_1_mask=\"u:t;\"\n\t\t\t\t\t\t\t\tdata-frame_999=\"o:0;st:w;sR:7000;\"\n\t\t\t\t\t\t\t\tstyle=\"z-index:5;font-family:'Roboto';\"\n\t\t\t\t\t\t\t>UBICACI\u00d3N \n\t\t\t\t\t\t\t<\/rs-layer><!--\n-->\t\t\t\t\t<\/rs-slide>\n\t\t\t\t\t<\/rs-slides>\n\t\t\t\t<\/rs-module>\n\t\t\t\t<script>\n\t\t\t\t\tsetREVStartSize({c: 'hero',rl:[1240,1024,778,480],el:[800,768,960,485],gw:[1170,1024,778,480],gh:[800,768,960,485],type:'standard',justify:'',layout:'fullwidth',mh:\"0\"});if (window.RS_MODULES!==undefined && window.RS_MODULES.modules!==undefined && window.RS_MODULES.modules[\"hero\"]!==undefined) {window.RS_MODULES.modules[\"hero\"].once = false;window.revapi24 = undefined;if (window.RS_MODULES.checkMinimal!==undefined) window.RS_MODULES.checkMinimal()}\n\t\t\t\t<\/script>\n\t\t\t<\/rs-module-wrap>\n\t\t\t<!-- END REVOLUTION SLIDER -->\n[\/vc_column][\/vc_row][vc_row][vc_column][vc_empty_space height=&#8221;50px&#8221;][\/vc_column][\/vc_row][vc_row][vc_column][vc_custom_heading text=&#8221;Localiza\u00e7\u00e3o&#8221; font_container=&#8221;tag:h2|text_align:center|color:%23759981&#8243; use_theme_fonts=&#8221;yes&#8221;][vc_empty_space][\/vc_column][\/vc_row][vc_row][vc_column][vc_column_text css=&#8221;&#8221; el_class=&#8221;texto-top-mobile&#8221;]<strong>Localiza\u00e7\u00e3o privilegiada em Rinc\u00f3n del Indio<\/strong><\/p>\n<p>Estamos localizados em <strong>Rinc\u00f3n del Indio<\/strong>, um bairro tranquilo, cercado por florestas de pinheiros e belos jardins. Um local ideal para voc\u00ea relaxar, a uma curta caminhada de dist\u00e2ncia: <\/p>\n<ul>\n<li>A <strong>10 minutos<\/strong> de carro do centro de Punta del Este.<\/li>\n<li>A <strong>5 minutos<\/strong> do Centro de Conven\u00e7\u00f5es e de La Barra.<\/li>\n<\/ul>\n<p>Em frente ao hotel, do outro lado da avenida, fica a <strong>Praia Brava<\/strong>, onde, no ver\u00e3o, oferecemos um servi\u00e7o de praia exclusivo para voc\u00ea aproveitar ao m\u00e1ximo os dias quentes. Tamb\u00e9m estamos perto das principais atra\u00e7\u00f5es:<\/p>\n<ul>\n<li><strong>O bar <\/strong>: 7 minutos.<\/li>\n<li><strong>Punta Shopping<\/strong>: 10 minutos.<\/li>\n<li><strong>Museus<\/strong>: Museo del Mar e Museo Ralli, ambos a 7 minutos de dist\u00e2ncia.<\/li>\n<li><strong>Parque El Jag\u00fcel<\/strong>: perfeito para jovens e idosos, a apenas 5 minutos de dist\u00e2ncia.<\/li>\n<\/ul>\n<p>Um local que combina tranquilidade e proximidade com tudo o que Punta del Este tem a oferecer.[\/vc_column_text][\/vc_column][\/vc_row][vc_row][vc_column][vc_gmaps link=&#8221;#E-8_JTNDaWZyYW1lJTIwc3JjJTNEJTIyaHR0cHMlM0ElMkYlMkZ3d3cuZ29vZ2xlLmNvbSUyRm1hcHMlMkZlbWJlZCUzRnBiJTNEJTIxMW0xOCUyMTFtMTIlMjExbTMlMjExZDMyNzEuMzU0NjQyNTY5MDYzMyUyMTJkLTU0Ljg4NTgxOTA0OTI4NDk5JTIxM2QtMzQuOTIyNjQxNjgwMjgxNzElMjEybTMlMjExZjAlMjEyZjAlMjEzZjAlMjEzbTIlMjExaTEwMjQlMjEyaTc2OCUyMTRmMTMuMSUyMTNtMyUyMTFtMiUyMTFzMHg5NTc1MDRhNTIzNzdhZDgzJTI1M0EweDJlN2E5NDQxOWIzNmZiMWIlMjEyc0lsJTI1MjBCZWx2ZWRlcmUlMjUyMEhvdGVsJTI1MjBQdW50YSUyNTIwZGVsJTI1MjBFc3RlJTIxNWUwJTIxM20yJTIxMXNlcyUyMTJzdXklMjE0djE2NTU4NDU5NzY4MDUlMjE1bTIlMjExc2VzJTIxMnN1eSUyMiUyMHdpZHRoJTNEJTIyNjAwJTIyJTIwaGVpZ2h0JTNEJTIyNDUwJTIyJTIwc3R5bGUlM0QlMjJib3JkZXIlM0EwJTNCJTIyJTIwYWxsb3dmdWxsc2NyZWVuJTNEJTIyJTIyJTIwbG9hZGluZyUzRCUyMmxhenklMjIlMjByZWZlcnJlcnBvbGljeSUzRCUyMm5vLXJlZmVycmVyLXdoZW4tZG93bmdyYWRlJTIyJTNFJTNDJTJGaWZyYW1lJTNF&#8221;][\/vc_column][\/vc_row][vc_row][vc_column][vc_empty_space height=&#8221;10px&#8221;][\/vc_column][\/vc_row][vc_row][vc_column][vc_empty_space height=&#8221;10px&#8221;][\/vc_column][\/vc_row][vc_row][vc_column][\/vc_column][\/vc_row][vc_row][vc_column][vc_empty_space height=&#8221;70px&#8221;][\/vc_column][\/vc_row][vc_row][vc_column][\/vc_column][\/vc_row][vc_row][vc_column][\/vc_column][\/vc_row]<\/p>\n<\/div>","protected":false},"excerpt":{"rendered":"<p>[vc_row][vc_column][\/vc_column][\/vc_row][vc_row][vc_column][vc_empty_space height=&#8221;50px&#8221;][\/vc_column][\/vc_row][vc_row][vc_column][vc_custom_heading text=&#8221;Localiza\u00e7\u00e3o&#8221; font_container=&#8221;tag:h2|text_align:center|color:%23759981&#8243; use_theme_fonts=&#8221;yes&#8221;][vc_empty_space][\/vc_column][\/vc_row][vc_row][vc_column][vc_column_text css=&#8221;&#8221; el_class=&#8221;texto-top-mobile&#8221;]Localiza\u00e7\u00e3o privilegiada em Rinc\u00f3n del Indio Estamos localizados em Rinc\u00f3n del Indio, um bairro tranquilo, cercado por florestas de pinheiros e belos jardins. Um local ideal para voc\u00ea relaxar, a uma curta caminhada de dist\u00e2ncia: A 10 minutos de carro do centro de Punta del Este. A 5 minutos [&hellip;]<\/p>\n","protected":false},"author":1,"featured_media":0,"parent":0,"menu_order":0,"comment_status":"closed","ping_status":"closed","template":"","meta":{"_monsterinsights_skip_tracking":false,"_monsterinsights_sitenote_active":false,"_monsterinsights_sitenote_note":"","_monsterinsights_sitenote_category":0,"_joinchat":[],"footnotes":""},"class_list":["post-4200","page","type-page","status-publish","hentry"],"aioseo_notices":[],"_links":{"self":[{"href":"https:\/\/ilbelvedere.com\/pt-br\/wp-json\/wp\/v2\/pages\/4200","targetHints":{"allow":["GET"]}}],"collection":[{"href":"https:\/\/ilbelvedere.com\/pt-br\/wp-json\/wp\/v2\/pages"}],"about":[{"href":"https:\/\/ilbelvedere.com\/pt-br\/wp-json\/wp\/v2\/types\/page"}],"author":[{"embeddable":true,"href":"https:\/\/ilbelvedere.com\/pt-br\/wp-json\/wp\/v2\/users\/1"}],"replies":[{"embeddable":true,"href":"https:\/\/ilbelvedere.com\/pt-br\/wp-json\/wp\/v2\/comments?post=4200"}],"version-history":[{"count":18,"href":"https:\/\/ilbelvedere.com\/pt-br\/wp-json\/wp\/v2\/pages\/4200\/revisions"}],"predecessor-version":[{"id":7876,"href":"https:\/\/ilbelvedere.com\/pt-br\/wp-json\/wp\/v2\/pages\/4200\/revisions\/7876"}],"wp:attachment":[{"href":"https:\/\/ilbelvedere.com\/pt-br\/wp-json\/wp\/v2\/media?parent=4200"}],"curies":[{"name":"wp","href":"https:\/\/api.w.org\/{rel}","templated":true}]}}

Localização

<div class="wpb-content-wrapper"><p>[vc_row][vc_column]
			<!-- START Slider Ubicacion REVOLUTION SLIDER 6.7.37 --><p class="rs-p-wp-fix"></p>
			<rs-module-wrap id="hero_wrapper" data-source="gallery" style="visibility:hidden;background:transparent;padding:0;margin:0px auto;margin-top:0;margin-bottom:0;">
				<rs-module id="hero" style="" data-version="6.7.37">
					<rs-slides style="overflow: hidden; position: absolute;">
						<rs-slide style="position: absolute;" data-key="rs-31" data-title="Slide" data-thumb="//ilbelvedere.com/wp-content/uploads/2025/01/Fotos_IlBelvedere_FotosDrone_Febrero2023-6-1-scaled-100x50.jpg" data-anim="adpr:false;" data-in="o:0;" data-out="a:false;">
							<img decoding="async" src="//ilbelvedere.com/wp-content/plugins/revslider/sr6/assets/assets/dummy.png" alt="" title="Fotos_IlBelvedere_FotosDrone_Febrero2023-6" width="2560" height="1438" class="rev-slidebg tp-rs-img rs-lazyload" data-lazyload="//ilbelvedere.com/wp-content/uploads/2025/01/Fotos_IlBelvedere_FotosDrone_Febrero2023-6-1-scaled.jpg" data-parallax="5" data-no-retina>
<!--
							--><rs-layer
								id="slider-24-slide-31-layer-1" 
								data-type="text"
								data-rsp_ch="on"
								data-xy="x:c;xo:-5px,-5px,0,0;yo:320px,320px,320px,230px;"
								data-text="s:60,60,40,30;l:80,80,60,60;fw:900,900,700,700;a:inherit;"
								data-vbility="f,f,f,f"
								data-frame_0="y:-100%;o:1;"
								data-frame_0_mask="u:t;"
								data-frame_1="st:500;sp:1500;sR:500;"
								data-frame_1_mask="u:t;"
								data-frame_999="o:0;st:w;sR:7000;"
								style="z-index:5;font-family:'Roboto';"
							>UBICACIÓN 
							</rs-layer><!--
-->					</rs-slide>
						<rs-slide style="position: absolute;" data-key="rs-70" data-title="Slide" data-thumb="//ilbelvedere.com/wp-content/uploads/2025/01/Fotos_IlBelvedere_FotosDrone_Febrero2023-1-scaled-100x50.jpg" data-anim="adpr:false;" data-in="o:0;" data-out="a:false;">
							<img decoding="async" src="//ilbelvedere.com/wp-content/plugins/revslider/sr6/assets/assets/dummy.png" alt="" title="Fotos_IlBelvedere_FotosDrone_Febrero2023-1" width="2560" height="1438" class="rev-slidebg tp-rs-img rs-lazyload" data-lazyload="//ilbelvedere.com/wp-content/uploads/2025/01/Fotos_IlBelvedere_FotosDrone_Febrero2023-1-scaled.jpg" data-parallax="5" data-no-retina>
<!--
							--><rs-layer
								id="slider-24-slide-70-layer-1" 
								data-type="text"
								data-rsp_ch="on"
								data-xy="x:c;xo:-5px,-5px,0,0;yo:320px,320px,320px,230px;"
								data-text="s:60,60,40,30;l:80,80,60,60;fw:900,900,700,700;a:inherit;"
								data-vbility="f,f,f,f"
								data-frame_0="y:-100%;o:1;"
								data-frame_0_mask="u:t;"
								data-frame_1="st:500;sp:1500;sR:500;"
								data-frame_1_mask="u:t;"
								data-frame_999="o:0;st:w;sR:7000;"
								style="z-index:5;font-family:'Roboto';"
							>UBICACIÓN 
							</rs-layer><!--
-->					</rs-slide>
					</rs-slides>
				</rs-module>
				<script>
					setREVStartSize({c: 'hero',rl:[1240,1024,778,480],el:[800,768,960,485],gw:[1170,1024,778,480],gh:[800,768,960,485],type:'standard',justify:'',layout:'fullwidth',mh:"0"});if (window.RS_MODULES!==undefined && window.RS_MODULES.modules!==undefined && window.RS_MODULES.modules["hero"]!==undefined) {window.RS_MODULES.modules["hero"].once = false;window.revapi24 = undefined;if (window.RS_MODULES.checkMinimal!==undefined) window.RS_MODULES.checkMinimal()}
				</script>
			</rs-module-wrap>
			<!-- END REVOLUTION SLIDER -->
[/vc_column][/vc_row][vc_row][vc_column][vc_empty_space height=&#8221;50px&#8221;][/vc_column][/vc_row][vc_row][vc_column][vc_custom_heading text=&#8221;Localização&#8221; font_container=&#8221;tag:h2|text_align:center|color:%23759981&#8243; use_theme_fonts=&#8221;yes&#8221;][vc_empty_space][/vc_column][/vc_row][vc_row][vc_column][vc_column_text css=&#8221;&#8221; el_class=&#8221;texto-top-mobile&#8221;]<strong>Localização privilegiada em Rincón del Indio</strong></p>
<p>Estamos localizados em <strong>Rincón del Indio</strong>, um bairro tranquilo, cercado por florestas de pinheiros e belos jardins. Um local ideal para você relaxar, a uma curta caminhada de distância: </p>
<ul>
<li>A <strong>10 minutos</strong> de carro do centro de Punta del Este.</li>
<li>A <strong>5 minutos</strong> do Centro de Convenções e de La Barra.</li>
</ul>
<p>Em frente ao hotel, do outro lado da avenida, fica a <strong>Praia Brava</strong>, onde, no verão, oferecemos um serviço de praia exclusivo para você aproveitar ao máximo os dias quentes. Também estamos perto das principais atrações:</p>
<ul>
<li><strong>O bar </strong>: 7 minutos.</li>
<li><strong>Punta Shopping</strong>: 10 minutos.</li>
<li><strong>Museus</strong>: Museo del Mar e Museo Ralli, ambos a 7 minutos de distância.</li>
<li><strong>Parque El Jagüel</strong>: perfeito para jovens e idosos, a apenas 5 minutos de distância.</li>
</ul>
<p>Um local que combina tranquilidade e proximidade com tudo o que Punta del Este tem a oferecer.[/vc_column_text][/vc_column][/vc_row][vc_row][vc_column][vc_gmaps link=&#8221;#E-8_JTNDaWZyYW1lJTIwc3JjJTNEJTIyaHR0cHMlM0ElMkYlMkZ3d3cuZ29vZ2xlLmNvbSUyRm1hcHMlMkZlbWJlZCUzRnBiJTNEJTIxMW0xOCUyMTFtMTIlMjExbTMlMjExZDMyNzEuMzU0NjQyNTY5MDYzMyUyMTJkLTU0Ljg4NTgxOTA0OTI4NDk5JTIxM2QtMzQuOTIyNjQxNjgwMjgxNzElMjEybTMlMjExZjAlMjEyZjAlMjEzZjAlMjEzbTIlMjExaTEwMjQlMjEyaTc2OCUyMTRmMTMuMSUyMTNtMyUyMTFtMiUyMTFzMHg5NTc1MDRhNTIzNzdhZDgzJTI1M0EweDJlN2E5NDQxOWIzNmZiMWIlMjEyc0lsJTI1MjBCZWx2ZWRlcmUlMjUyMEhvdGVsJTI1MjBQdW50YSUyNTIwZGVsJTI1MjBFc3RlJTIxNWUwJTIxM20yJTIxMXNlcyUyMTJzdXklMjE0djE2NTU4NDU5NzY4MDUlMjE1bTIlMjExc2VzJTIxMnN1eSUyMiUyMHdpZHRoJTNEJTIyNjAwJTIyJTIwaGVpZ2h0JTNEJTIyNDUwJTIyJTIwc3R5bGUlM0QlMjJib3JkZXIlM0EwJTNCJTIyJTIwYWxsb3dmdWxsc2NyZWVuJTNEJTIyJTIyJTIwbG9hZGluZyUzRCUyMmxhenklMjIlMjByZWZlcnJlcnBvbGljeSUzRCUyMm5vLXJlZmVycmVyLXdoZW4tZG93bmdyYWRlJTIyJTNFJTNDJTJGaWZyYW1lJTNF&#8221;][/vc_column][/vc_row][vc_row][vc_column][vc_empty_space height=&#8221;10px&#8221;][/vc_column][/vc_row][vc_row][vc_column][vc_empty_space height=&#8221;10px&#8221;][/vc_column][/vc_row][vc_row][vc_column][/vc_column][/vc_row][vc_row][vc_column][vc_empty_space height=&#8221;70px&#8221;][/vc_column][/vc_row][vc_row][vc_column][/vc_column][/vc_row][vc_row][vc_column][/vc_column][/vc_row]</p>
</div>

<p>[vc_row][vc_column][/vc_column][/vc_row][vc_row][vc_column][vc_empty_space height=&#8221;50px&#8221;][/vc_column][/vc_row][vc_row][vc_column][vc_custom_heading text=&#8221;Localização&#8221; font_container=&#8221;tag:h2|text_align:center|color:%23759981&#8243; use_theme_fonts=&#8221;yes&#8221;][vc_empty_space][/vc_column][/vc_row][vc_row][vc_column][vc_column_text css=&#8221;&#8221; el_class=&#8221;texto-top-mobile&#8221;]Localização privilegiada em Rincón del Indio Estamos localizados em Rincón del Indio, um bairro tranquilo, cercado por florestas de pinheiros e belos jardins. Um local ideal para você relaxar, a uma curta caminhada de distância: A 10 minutos de carro do centro de Punta del Este. A 5 minutos [&hellip;]</p>
